-279))/((-2)/(-6))?
491
Let m(y) = 8*y + 242. Let t = -12 + 12. What are the prime factors of m(t)?
2, 11
Suppose 0 = -41*k + 37*k + 1080. Let d = k - 104. What are the prime factors of d?
2, 83
Let k(x) = 53*x**2 - x - 2. Suppose 3*r + 7 + 2 = 0. Let v be -2 + (1 - (-3 - r)). List the prime factors of k(v).
2, 13
Let p = -1 + -6. Let x = 62 + p. List the prime factors of x.
5, 11
List the prime factors of (1 - 26724/(-32)) + 3/(-24).
2, 11, 19
Let m(z) = 7*z + 12. Let s(l) = 4*l - 10. Let v(i) = 3*i - 7. Let t(j) = 5*s(j) - 7*v(j). Let r(u) = -m(u) - 5*t(u). List the prime factors of r(-7).
7
Let u be (-60)/(-4) - (-3 + 1). Let a = 71 + -47. Let f = a - u. List the prime factors of f.
7
Let n be ((-565)/10)/((-2)/(-4)) - 6. Let b = -95 - 99. Let j = n - b. What are the prime factors of j?
3, 5
Suppose -4*l - 5*i - 469 + 2125 = 0, -3*l - 3*i + 1242 = 0. List the prime factors of l.
2, 3, 23
Let b(u) = u**3 + 5*u**2 - 6*u + 5. Let y be b(-6). What are the prime factors of (-32)/(-60)*y/2*54?
2, 3
Let d(a) = 3*a**2 - a - 1. Let q be d(2). Let i(h) = h - 2. Let s be i(q). Suppose 3*b - 5*m = 12, 4*b + 4*m - 9 = s. List the prime factors of b.
2
Let j(s) = s**2 - s. Let r(d) = -d**3 - 12*d**2 + 8*d - 5. Let h(x) = -6*j(x) - r(x). What are the prime factors of h(-6)?
17
Let g(t) = -t**3 - 7*t**2 + 1. Let u be g(-7). Let r(w) = -9*w + 3*w - 8*w - u + 0*w. What are the prime factors of r(-2)?
3
Suppose -5 = -q, 3*u - 4*q = -q + 207. Let d = u - -24. Suppose 0 = l + p - 33 + 7, d = 4*l + p. List the prime factors of l.
2, 3
Let h = 431 + -122. What are the prime factors of h?
3, 103
Suppose -5*j + 4*h = -10 - 26, 2*j = -h + 4. Suppose j*u - 3 = 73. Let d = 27 - u. What are the prime factors of d?
2
Let k(p) = p**3 - 6*p**2 + 6*p - 7. Let f be k(5). Let a be (55 - -1)/((-1)/f). List the prime factors of 1/(-5) + a/10.
11
Let d be (2 - 2)*6/(-6). Let h be (1 - 4 - -2)*-3. Suppose d*a = h*a - 75. List the prime factors of a.
5
Let d = 543 + -85. What are the prime factors of d?
2, 229
Let d be (-3)/9 - (-40)/12. Suppose j - 5*i + 0 = 3, j - 4*i = d. Suppose -j*p + 220 = 2*p. What are the prime factors of p?
2, 11
Let h be (-847)/22*(-3 + 1) + 0. Suppose 6*j = -h + 221. What are the prime factors of j?
2, 3
Suppose 0 = -3*u + 2*k + 548, 7*k = -u + 5*k + 172. What are the prime factors of u?
2, 3, 5
Let i = -14 + 18. Suppose -5*z + z = -i. Let f(b) = 8*b**3 - b**2 + 1. List the prime factors of f(z).
2
Let n(d) = -d**3 - 9*d**2 - 6*d - 8. Let a(y) = 4*y**3 + 37*y**2 + 23*y + 33. Let l(f) = 2*a(f) + 9*n(f). List the prime factors of l(-7).
2, 5
Suppose -209*y = -249*y + 20440. What are the prime factors of y?
7, 73
Let o be 2*(-10)/5*-2. Suppose q - 4 = -0*n + 2*n, -2*n = 4. Suppose q*t + o = t. List the prime factors of t.
2
Let g(q) = 21*q**3 - 341*q**2 + 7*q + 11. What are the prime factors of g(17)?
2, 2377
Let b(f) = f**3 + 33*f**2 + 36*f + 35. List the prime factors of b(-30).
5, 331
Suppose 3*g + o + o - 16 = 0, 5*o = 4*g + 17. Suppose -4*z - 5*a + 4*a + 11 = 0, -g*z = -5*a - 33. What are the prime factors of z?
2
Suppose -2*g + 134 = -654. What are the prime factors of g?
2, 197
Suppose -5 = z, -2*z + 0*z = -4*i + 2106. List the prime factors of i.
2, 131
Let o = 222 - 220. Let f(x) = x + 8. Let t be f(-6). Suppose -o*p + 120 = t*p. What are the prime factors of p?
2, 3, 5
Let a be (2/(-5) - -1)/(6/210). List the prime factors of (-1)/((-5)/328) + a/(-35).
5, 13
Let u be (-2 - -2) + 4 + -4. Suppose 0*a - v - 409 = -3*a, u = -4*a - 4*v + 556. Suppose -3*s - 344 = -5*i, 0*i = 2*i - s - a. What are the prime factors of i?
67
Let k = -1650 + 2763. List the prime factors of k.
3, 7, 53
Let y = 282 + -150. Let a = y - 75. List the prime factors of a.
3, 19
Let f = -206 + 123. Let o = f - -175. List the prime factors of o.
2, 23
Let n = -792 + 2297. What are the prime factors of n?
5, 7, 43
Let j(w) = 11*w - 3. Suppose 9*q - 7 = 8*q. Suppose 17 - q = 2*k. What are the prime factors of j(k)?
2, 13
Let j be -17 + 5*(-6)/(-10). Suppose -7*a = -3*a + 48. Let w = a - j. What are the prime factors of w?
2
Let z = -31 + 33. Suppose -z*a = 23 - 163. List the prime factors of a.
2, 5, 7
Suppose 3*x - z - 13 + 4 = 0, z - 3 = -3*x. Suppose -4*t - 52 = 4*m, t - 31 = x*t - 5*m. Let l = t - -31. What are the prime factors of l?
3, 5
List the prime factors of 5448/30 - (-4)/10.
2, 7, 13
Let q = -4 - -13. Let a(h) = 6*h - 21. What are the prime factors of a(q)?
3, 11
Suppose 5*f = 3*f + 26. Let s = 3 + -6. Let c = f + s. List the prime factors of c.
2, 5
Suppose -2*b - b = 0. Suppose -3*v + 83 + 10 = b. Let m = v - -6. What are the prime factors of m?
37
Let u be 2 - (-1 + -2 + -1 + 2). Suppose -u*x + 0*x = 3*r - 74, 70 = 3*r + 5*x. List the prime factors of r.
2, 3, 5
Suppose 2*n + 35*g - 37*g - 1670 = 0, 3*g + 841 = n. What are the prime factors of n?
2, 13
Suppose -6 = -4*v + 6. Suppose -v*a = -a - 8. Suppose -a*m + 18 + 50 = 0. List the prime factors of m.
17
Let s(v) be the first derivative of 16*v**2 - v - 6. List the prime factors of s(2).
3, 7
What are the prime factors of (-7713)/(-7) + (270/63)/(-5)?
3, 367
Let c = -10 - -22. Let u = c - 12. Suppose u = 5*q + 25, 4*z + 3*q = 2*q + 171. List the prime factors of z.
2, 11
Let u(b) = b**3 - b**2 - b + 1. Let p be u(-1). Suppose -3*d + q + 226 = p, 0*d + 3*d = -2*q + 214. List the prime factors of d.
2, 37
Let b be -5 - (-3 - -1)/(-1). Let m = -5 - b. Suppose -2*g + 5*g - m*k = 58, 2*k = -5*g + 102. List the prime factors of g.
2, 5
Let c = -6 + 6. Suppose -77 = -u - c*u. List the prime factors of u.
7, 11
Let o(b) = -23*b**3 + b**2 - 2*b + 2. Let w be o(1). Let m be (-40)/22 + 4/w. What are the prime factors of (m + 76/12)*3?
13
Suppose 69*j - 73*j - 4*b + 5472 = 0, 0 = j + 2*b - 1367. What are the prime factors of j?
37
Let r be 6/9*12*1/2. Suppose 4*b + r*c = 596, -147 = -2*b + c + 139. List the prime factors of b.
5, 29
Let f(b) = b**3 - b**2 + 9*b + 14. Let s be f(0). Let o be -6 + 2/(2 - 0). List the prime factors of s + (4 + o - -1).
2, 7
Let k be (-50)/(4/(-28)*1). Suppose -3*p = -8*p - 5*t + k, -5*t = 2*p - 146. List the prime factors of p.
2, 17
Suppose -10 - 8 = -3*x. Let a(w) = -w**3 + 7*w**2 + 3*w - 1. List the prime factors of a(x).
53
Let a(n) = 15*n + 704. List the prime factors of a(0).
2, 11
Suppose z = 3, -5*g - 5*z + 374 + 4111 = 0. What are the prime factors of g?
2, 3, 149
Let c(i) = 100*i - 433. What are the prime factors of c(23)?
1867
Let b(c) = c + 31. Let z be b(-16). List the prime factors of z + 74 + -3*1.
2, 43
Let s = 77 + 448. What are the prime factors of s?
3, 5, 7
Let s = 579 - 462. What are the prime factors of s?
3, 13
Suppose o + 14 - 4 = 0. List the prime factors of (186/(-9))/(0 + o/15).
31
Suppose a - 4*m = 13, a - 2 = 2*m + 5. Let t = a + 5. Suppose -o + 40 = -t. What are the prime factors of o?
2, 23
Suppose 0*q - 1687 = -4*q + 3*t, -3*q - 3*t = -1239. List the prime factors of q.
2, 11, 19
Suppose -4*v - 6 = a + 14, 0 = -2*a + 2*v + 10. Suppose -5*f + 11 + 14 = a. List the prime factors of (f/2 - 2)*26.
13
Suppose 3*h - b = 3, 3*h - 4*b + 0*b = -6. Suppose h*c = c. Suppose c*o + o - 29 = 0. List the prime factors of o.
29
Let m be (300/(-15))/((-2)/3). Suppose 0*u + 2*u = -m. Let p(v) = v**3 + 15*v**2 - 3*v + 21. What are the prime factors of p(u)?
2, 3, 11
Let z be 60 + 2 + 2 + -2. Suppose -5*w - z + 322 = 0. Suppose 0 = -5*l - 0*l - 5*k + 300, l - 3*k = w. What are the prime factors of l?
2, 29
List the prime factors of ((-45)/6)/((-147329)/13390 + 11).
5, 103
Let d = 18 + -36. What are the prime factors of ((-9)/d)/((-1)/(-46))?
23
Let o = -3 - -13. Suppose -o = -f - d - 3*d, 2*d = -f + 6. Suppose r - 2 = 0, -3*r = -x - f*x + 54. What are the prime factors of x?
2, 5
Let c = 7 - -1. Let w(g) = -g**3 + 11*g**2 - 8*g + 11. List the prime factors of w(c).
139
Suppose -2*o = -0*o + 2*a - 2, 4*a = 2*o - 20. Suppose o*h = h + 372. What are the prime factors of h?
2, 31
Let k = 69 + -48. Let r = 88 - k. Let x = 129 - r. What are the prime factors of x?
2, 31
Suppose 4*s + 1012 = -3*w, 2*s + 528 = 5*w - w. Let n = -74 - s. What are the prime factors of n?
2, 7, 13
Suppose 0 = -3*b - 3 + 6. Let u(r) = 4 + 0 - 7 + b + 9*r. What are the prime factors of u(3)?
5
Suppose 2648*a